 = -4*s + 779 + 371, 5*s + c = 1433. What is the greatest common factor of 21 and s?
7
Let f(a) = -7*a - 120. Let i be f(-20). Calculate the highest common factor of i and 4.
4
Let t be (51/(-4))/3*-4. Let x be 55*(-5 - (-168)/20). Calculate the greatest common divisor of x and t.
17
Suppose 57*p - 44*p = 676. Calculate the highest common divisor of 429 and p.
13
Suppose -4*r = 4, -r - 103 = -q - 2*r. Calculate the greatest common factor of q and 78.
26
Suppose -4*c - k + 3 = -2*k, 5*c - 4*k + 10 = 0. Suppose 0 = -5*b - c*s + 50, s + 20 = 5*s. Calculate the greatest common divisor of 40 and b.
8
Let t be (-2)/((4/22)/1). Let c = t - -14. Suppose 18 + c = q. What is the greatest common divisor of q and 7?
7
Let n(s) = s + 43. Let k be n(-8). What is the highest common divisor of k and 1015?
35
Let p = 26 - 20. Suppose p*s - 13*s + 735 = 0. Calculate the highest common divisor of s and 21.
21
Let l be -1 + 0 + -8 + -2. Let d be 2*l*(-15)/6. Let p(w) = w**3 - 4*w + 7. Let i be p(3). Calculate the highest common factor of d and i.
11
Let h be (42/8)/(1/8). Let o(b) = 14*b**2 - 250*b - 8. Let m be o(18). What is the highest common divisor of h and m?
14
Let s be 4*5/10*8. Calculate the greatest common divisor of s and 18.
2
Let t(k) = k**2 + 5*k + 8. Let g be t(-4). Suppose -108 = -6*f + 108. What is the greatest common factor of g and f?
4
Let q be (225/27)/((-4)/(-3))*8. Calculate the greatest common factor of q and 80.
10
Let w be (-2550)/(-8) + (-25)/(-20). What is the greatest common factor of w and 448?
64
Let o = 44 + -44. Suppose o*x - 5*x + 595 = 0. Calculate the greatest common divisor of x and 17.
17
Suppose 0 = 5*y - 104 + 19. Let v(z) = 116*z**2 - 3*z. Let p = -48 - -47. Let q be v(p). What is the highest common divisor of q and y?
17
Let z(m) = -m**3 + m + 8. Let q(l) = -l - 4. Let n be q(-4). Let o be n*((-1)/2 - -1). Let d be z(o). What is the greatest common factor of 64 and d?
8
Let u be (15/(-2))/(10/(-1020)). Calculate the greatest common divisor of 45 and u.
45
Let k(m) be the first derivative of m**3/3 + 3*m**2/2 - 4*m + 17. Let g be k(4). What is the greatest common divisor of 3 and g?
3
Let k be (108/(-45))/(6/(-220)). Let x = -2 - -26. Suppose 2 = -2*q + x. What is the greatest common factor of k and q?
11
Let o(w) = -4*w + w + w**2 - 7 - 4*w + 18. Let f be o(7). What is the greatest common factor of f and 99?
11
Suppose -8*i + 558 = -954. Calculate the greatest common divisor of 126 and i.
63
Let k(n) = -n**3 - 14*n**2 - 9*n - 280. Let x be k(-15). What is the highest common divisor of 1600 and x?
80
Suppose 0 = -3*p - p + 16. Suppose 0 = v - 4*v + 6. Suppose p*w + 3*d = 249, -2*w + v*d = -7*w + 313. Calculate the highest common factor of 7 and w.
7
Suppose 3*z = 81 + 27. Suppose 20*k - 6*k - 56 = 0. What is the highest common factor of k and z?
4
Suppose 14 - 23 = -3*w. Suppose 4*q = -u + 3, w*u = 4*u + 5. Calculate the highest common factor of q and 5.
1
Suppose 13*l + 45 = 18*l. Let r be 8 - -1 - l/((-36)/8). Calculate the highest common factor of 99 and r.
11
Let w be (-1)/(-5) + 54/30. Let g be ((-3)/3)/(w/6) - -8. What is the greatest common divisor of g and 5?
5
Let n = 13 - 26. Suppose j + 6 = -5*s - 5, -2*s - 4 = 0. Let u = j - n. What is the highest common divisor of 84 and u?
12
Let b be ((-3)/2)/((-12)/40). Suppose -b*o + 19 = -36. What is the highest common divisor of o and 22?
11
Let c be (-2)/4 + 11/2. Let j(f) = f**2 + 11*f + 2. Let w be j(-11). Let d be (w/(-4))/((-553)/(-70) - 8). Calculate the greatest common factor of c and d.
5
Let n be (-11)/(-44) + 86/8. Calculate the greatest common divisor of 44 and n.
11
Suppose 0 = q - 31 + 5. Suppose -3*y + q - 14 = 0. Calculate the highest common divisor of y and 28.
4
Let k be -6*14/56*(-248)/6. What is the greatest common factor of k and 1426?
62
Let k(m) = 2*m**3 + 9*m**2 - 6*m - 8. Let b be k(-5). Let n be b/(-6)*(4 - 0 - -88). Calculate the greatest common divisor of n and 161.
23
Let k(l) = -l**3 + 6*l**2 + l + 8 + 4*l**2 - 4*l**2. Let m be k(6). Calculate the highest common divisor of m and 28.
14
Suppose -3*a = 6, 25*v - a = 30*v - 1758. Calculate the greatest common divisor of 154 and v.
22
Let q be (-1)/((-20)/(-64))*-10. Calculate the greatest common factor of 12 and q.
4
Suppose 4*g = 81 + 15. What is the greatest common factor of 168 and g?
24
Suppose 5*z + 4*x + 4 = 24, 8 = 2*z + 3*x. Suppose 0 = -3*b - z*v + 88, 0 = 2*b - 5*v + 3*v - 54. Let f = -1 + b. What is the highest common divisor of 3 and f?
3
Let a(z) = 21*z + 3. Let y be 5/(2 - (-5)/(-3)). Let p be ((-5)/y)/((-2)/6). Let d be a(p). Calculate the greatest common factor of 60 and d.
12
Let k(x) = -x**3 + 6*x**2 - 4. Let u be k(4). Suppose -215*w + 211*w + 4*j + 36 = 0, 3*w - 32 = 2*j. What is the greatest common divisor of w and u?
14
Let z(d) = 73*d + 6. Let s be z(2). Let q = -246 - -475. Let n = q - s. What is the highest common factor of 11 and n?
11
Let z = 22 + -24. Let g be 64/1 + (5 - (-6)/z). Calculate the highest common factor of 99 and g.
33
Suppose -15*u - 20 = -5*u. Let y = 24 + u. Calculate the highest common factor of y and 55.
11
Let r(p) = 36*p**2 - 10*p + 6. Let t be r(1). Calculate the greatest common factor of 48 and t.
16
Let r be (1/2)/(2/120). What is the greatest common divisor of 114 and r?
6
Let p(c) = c**3 + 16*c**2 + 13*c + 15. Let f be p(-7). What is the greatest common factor of f and 146?
73
Suppose -4*i - 6 = 2. Let r be i - -2 - (-7 - -5). Suppose 2*n - 34 = -2*w, -w = -r*w - 2*n + 22. Calculate the highest common factor of 8 and w.
4
Let p = -21 + 45. Suppose p*t - 28*t + 20 = 0. Calculate the highest common factor of 65 and t.
5
Let s be (-8)/((-1)/6*(-12)/(-3)). Calculate the highest common divisor of s and 2.
2
Let d(r) = 5*r**2 + 23*r + 61. Let a be d(-5). Calculate the greatest common divisor of a and 1420.
71
Suppose 0 = 46*s - 49*s + 801. What is the greatest common factor of s and 979?
89
Suppose 0 = i + i + 2, 19 = m + 2*i. Let t = -103 - -110. What is the highest common divisor of t and m?
7
Let d(j) be the third derivative of -11*j**6/60 + j**5/60 + j**4/24 + j**2. Let v be d(-1). Calculate the highest common factor of v and 44.
22
Suppose -3*w + 4*g + 214 + 433 = 0, 4*w - 888 = -g. What is the highest common divisor of 26 and w?
13
Let f = -1739 - -1961. Calculate the greatest common divisor of 6 and f.
6
Suppose 90*g = 69*g + 4284. What is the greatest common divisor of 289 and g?
17
Let s(d) be the third derivative of 0 - 1/60*d**5 - 1/6*d**3 + 0*d + 5/12*d**4 + 5*d**2. Let f be s(7). Calculate the highest common factor of f and 5.
5
Let u(b) = b**2 + 9*b - 11. Let l be u(-10). Let q(n) = -172*n + 4. Let d be q(l). What is the highest common factor of d and 16?
16
Suppose -6*g = -5*g - 11. Let k(j) = -j**3 + 11*j**2 + 4. Let q be k(g). What is the greatest common divisor of q and 28?
4
Suppose 5*y - 5*q - 220 = 4*y, 0 = y - 4*q - 218. Let r = y - 98. Calculate the greatest common factor of 14 and r.
14
Let w = -7 + 18. Let y(q) = 70*q + 4. Let i be y(3). Let t = i + -115. What is the greatest common factor of w and t?
11
Suppose u = 2*u + 9. Let x be (-12)/u*(-6)/(-4). Suppose 114 = 179*m - 97*m - 132. Calculate the greatest common divisor of m and x.
1
Let m = 89 - 63. Suppose 153 + 658 = 20*g - 229. Calculate the highest common divisor of m and g.
26
Let s(u) = 15 + 38*u + 2*u**2 + 5*u - 27*u. Let p be s(-10). Let q = -9 - -20. What is the greatest common factor of q and p?
11
Suppose 0 = -5*b - 4*u + 178, b - 3*u = -5*u + 38. Suppose 2*o + 229 = 569. Calculate the greatest common factor of b and o.
34
Suppose 57 = -3*i + 6*i. Let d be (i - (-12)/3) + -2. What is the greatest common factor of 189 and d?
21
Let s(z) = z**3 + 16*z**2 - 13*z + 9. Let x be s(-9). What is the highest common factor of 99 and x?
99
Suppose -r = 8 - 55. Let g = -23 + r. What is the highest common divisor of g and 3?
3
Let m(a) = -a**3 + 5*a**2 + 3*a + 1. Let t be m(4). Let g = 371 - 284. What is the highest common divisor of t and g?
29
Suppose 8*s - 4*s + 7 = 3*k, -5*s = 4*k - 30. Calculate the greatest common factor of 94 and s.
2
Let f(n) = 11*n**2 + 2*n + 16. Let y be f(2). What is the highest common factor of y and 184?
8
Let a(l) = l**3 - l**2 - l + 97.